= -a - 7 + 43. What is the remainder when a is divided by 19?
15
Let b(c) = c**3 - 26*c**2 + 8*c - 189. Calculate the remainder when 280 is divided by b(26).
14
Suppose -5*j = 2810 - 4690. Calculate the remainder when j is divided by 7.
5
Suppose 3*h - 483 = -3*u + 2*h, 5*u + h - 807 = 0. Calculate the remainder when u is divided by 41.
39
Suppose -790 = 3*y - 802. Calculate the remainder when 52/6*3/2 is divided by y.
1
Suppose 4*b - 36 = -2*x, -b - 4*x = -3*b + 18. Calculate the remainder when 69 is divided by b.
6
Suppose 0 = -o + 3*u + 7, -3*o + 0*u - 34 = 2*u. Let i = o + 95. Calculate the remainder when i is divided by 11.
10
Let o = -47 - -93. Calculate the remainder when o is divided by 35/2 - (-9)/(-6).
14
Let r = 336 + -324. Calculate the remainder when 119 is divided by r.
11
Suppose -f - 2*i + 32 = 0, 6*f = 4*f + i + 39. Let a = 87 + 28. Let l = a + -73. What is the remainder when l is divided by f?
20
Let h(s) = -s**3 + 8*s**2 - 6*s + 7. Let t be h(7). Let j = -28 + t. Calculate the remainder when (j - -5)/((-1)/2) is divided by 10.
8
Let z = -7 - -10. Suppose 4*t = 7*t + 2*x - 73, z*x = -2*t + 57. Calculate the remainder when 41 is divided by t.
20
Suppose -5*b + 0*r - 5*r + 375 = 0, 233 = 3*b + 5*r. Suppose -4*t = -3*j + j + 4, 2*j - 14 = 2*t. What is the remainder when b is divided by j?
11
Suppose -4*z + 20 = 0, -2*u = 39*z - 35*z - 1806. Calculate the remainder when u is divided by 64.
61
Let a(y) be the first derivative of -y**4/4 + 8*y**3/3 + 10*y**2 + 11*y - 12. What is the remainder when 30 is divided by a(10)?
8
Let t be 14/(-2)*(-6)/7. Let f be 3/t + (-38)/(-4). Suppose f*h - 9*h = 25. Calculate the remainder when h is divided by 7.
4
Let y(d) = -d + 6. Let o be y(6). Let t be (-3 + 4)*-2 - -6. Suppose h + t*q = -0*h + 9, -h - 5*q + 7 = o. Calculate the remainder when h is divided by 9.
8
Suppose 3*o + 45 = 4*o. Suppose 3*n - 3*b + 7 = 2*b, 3 = n + b. What is the remainder when o is divided by ((-32)/10)/(n/(-5))?
13
Let f be (3 - 3) + -1 + 4. Suppose -k + 14 - f = 0. Suppose 0*d + 80 = 4*d. What is the remainder when d is divided by k?
9
Suppose 2 - 4 = 2*p. What is the remainder when (p + 0)*74/(-2) is divided by 10?
7
Let i(n) = 2*n - n + 4*n**2 - 2*n**2 - 10 + 5*n**2. Let k be i(-5). Suppose -4*g + k = g. Calculate the remainder when g is divided by 17.
15
Suppose 0 = 7*g - 315 - 0. What is the remainder when 276 is divided by g?
6
Suppose -6970*w + 1960 = -6962*w. What is the remainder when w is divided by 78?
11
Suppose -6*s = 2*v - 7*s - 280, 4*s - 158 = -v. Calculate the remainder when v is divided by -24*(-4)/8*3.
34
Let l = -1356 - -1368. Calculate the remainder when 100 is divided by l.
4
Let q(y) = 2*y**2 + 9*y - 4. Let o be q(-7). Suppose 0 = -4*a - 7 + o. Let i = -3 - -18. What is the remainder when i is divided by a?
3
Let j = 44 + -28. Suppose r + 14 = 4*i + 59, 3*r - 5*i = 121. Calculate the remainder when r is divided by j.
5
Suppose -3*x + 3*g - 22 = -97, -149 = -5*x - 3*g. What is the remainder when 54 is divided by x?
26
Suppose 208*c + c = -45*c + 6858. Let d(u) = 3*u**2 - 2*u - 5. What is the remainder when d(-5) is divided by c?
26
Suppose -5*z = 8*v - 11*v - 223, 0 = 5*z + 4*v - 216. Calculate the remainder when 262 is divided by z.
42
Let i = -8 + 14. Suppose g + 10 = i*g. Let a(r) = 2*r - 1. What is the remainder when a(2) is divided by g?
1
Suppose -213*a - 234 = -226*a. Calculate the remainder when 134 is divided by a.
8
Suppose -685 = -5*b + 42*t - 37*t, 0 = 4*b + 5*t - 539. Calculate the remainder when b is divided by 21.
10
Let t = -19 + 42. Suppose 5*f = -2*x + 8 - 3, 4*f - 21 = -5*x. Suppose -6 + 46 = x*r. Calculate the remainder when t is divided by r.
7
Suppose -44*v = -40*v - 40. What is the remainder when 73 is divided by v?
3
Let c(d) = 34*d**2 - d. Calculate the remainder when c(1) is divided by (-1)/(-3)*(-7 + 43).
9
What is the remainder when 185 is divided by 51*((-496)/(-93) - (6 + -1))?
15
Let p(q) = q**3 - q**2 + 9*q + 24. Let n be p(-4). Let b = 130 + n. What is the remainder when b is divided by 11?
5
Let a = -22 - -25. What is the remainder when 120 is divided by 6/(-9)*-21 - a?
10
Let o(k) = -k**2 + 24*k + 34. Calculate the remainder when (-309)/(-21) + 2/7 is divided by o(25).
6
Let z(l) = 11*l**2 + 16*l - 66. Calculate the remainder when z(8) is divided by 35.
31
Let k(y) = -37*y**3 + 2*y**2 + 8*y + 7. What is the remainder when 377 is divided by k(-1)?
35
Suppose -3*i - 5 - 19 = 0. Let v = 10 + i. Let o = 17 - v. Calculate the remainder when o is divided by 6.
3
Let u(o) = o**3 + 19*o**2 - 2*o - 35. Let i be u(-19). Suppose i*j - 9*j + 66 = 0. Calculate the remainder when j is divided by 5.
1
Let p be (-6)/14 + (-2084)/(-28). Let a = 89 - p. What is the remainder when (10 + 2)*(-22)/(-6) is divided by a?
14
Suppose -h = -0 - 5. Suppose -4*b = 4*y - 20, -h*y + 5*b + 11 = 3*b. Suppose 2*q + q - 12 = -2*d, -d - y*q = 0. Calculate the remainder when 70 is divided by d.
10
Let p be (-4)/20 - (-62)/10. Let l = p + -2. Suppose -2 = -5*b - t + 10, 15 = b - l*t. What is the remainder when 9 is divided by b?
0
Suppose -25*p + 20*p = 170. What is the remainder when -3 + -2 - p/1 is divided by 17?
12
Suppose 7*y = 246 + 930. What is the remainder when y is divided by 25?
18
Suppose 6*g - l - 45 = 2*g, -4*l - 50 = -3*g. Calculate the remainder when (-5)/((-75)/6) + 196/g is divided by 6.
2
Suppose 2*k = -2*h + 12, 0*h + h - k + 2 = 0. Suppose 0 = 3*y - y - 2, 423 = 5*q - h*y. What is the remainder when q is divided by 22?
19
Let b = 75 - 15. What is the remainder when 299 is divided by b?
59
Let a be -13*2*-1 - -2. Suppose a = 5*w - 7. Suppose 952 = 86*l - 30*l. Calculate the remainder when l is divided by w.
3
Suppose 0 = 4*y - 8*y. Let h(m) = m**3 - m**2 + 14. Let d be h(0). Suppose y*z - 2*z = -d. Calculate the remainder when 19 is divided by z.
5
Suppose -3*s = -5*o - 13 - 5, o = s - 6. Suppose 4*z - 80 = 48. What is the remainder when z is divided by s?
2
Let t(h) = h**3 + 7*h**2 - 9*h + 7. Suppose 111 = 5*s - 39. Suppose 2*i + s = 7*i. What is the remainder when t(-8) is divided by i?
3
Let b be 5*4*(-6)/(-40). Suppose b*k = -15, 0*k - 30 = -t + 4*k. What is the remainder when t is divided by 3?
1
Let r be 152/20 - (-3)/(-5). Let o = r + -2. Suppose -5*d - 2*s + 178 = -3*s, 5*d - 190 = o*s. Calculate the remainder when d is divided by 13.
9
Suppose j - 4*o + 10 - 37 = 0, 4*j = -o + 193. Suppose -13 = -4*u - 61. Calculate the remainder when 16 is divided by u/30 + j/5.
7
Let o = 829 + 71. Suppose 0 = -7*y + o - 368. Calculate the remainder when y is divided by 13.
11
Let u(a) = a**3 - 6*a**2 - a + 5. Let o be u(6). What is the remainder when -3 - (-24 - o) - -1 is divided by (0 + (1 - -10))*1 - -1?
9
Suppose 70*r = 15*r + 495. What is the remainder when 76 is divided by r?
4
Let o = -4973 + 5066. Let i(s) = s**3 + 2*s**2 + s - 2. What is the remainder when o is divided by i(2)?
13
Let h be -2*(532/(-8) + -1). Suppose -5*l + h = -4*n, -n + 5*n + 104 = 4*l. Suppose -117 - 249 = -3*m. What is the remainder when m is divided by l?
29
Let n(m) = -m**3 + 25*m**2 + 2*m + 205. Calculate the remainder when n(25) is divided by 26.
21
Suppose 0 = -5*j + 3*i + 166 - 27, 4*j - 3*i = 113. Calculate the remainder when 125 is divided by j.
21
Suppose -14 - 6 = -5*c. Let q(k) = k**2 + 4*k - 4. Let j = 20 + -18. Calculate the remainder when q(j) is divided by c.
0
What is the remainder when 110 is divided by (208/(-39))/((-3)/(45/2))?
30
Let o(j) = j**2 + 3*j - 3. Suppose 0 = 138*b - 131*b - 189. Calculate the remainder when b is divided by o(-5).
6
Let m(d) = d**2 - 16. Let u(k) = -1. Let f(s) = m(s) - 4*u(s). Calculate the remainder when 51 is divided by f(-5).
12
Let j(f) = 8*f - 4. Let l = 3991 + -3923. Calculate the remainder when l is divided by j(5).
32
Let y(i) = -i**2 - 11*i - 15. Let v be 242/(-34) + 24/204. Calculate the remainder when 19 is divided by y(v).
6
Suppose g - 5*g = 140. Let u = 61 + g. What is the remainder when u is divided by (-5)/(-3*(-5)/(-45))?
11
Suppose p - 3*p = 0. Suppose -3*w - l + 6 = -55, -3*w - 4*l + 55 = p. What is the remainder when 103 is divided by w?
19
What is the remainder when 5*8/80*20 is divided by 10?
0
Suppose 17*o - 100 = -8*o. Calculate t